or of h and 88.
88
Suppose 14 = -4*i + 2. Let q(l) = -21*l**2 - 6*l - 2. Let v(x) = x. Let h(b) = -q(b) - v(b). Let a be h(i). Calculate the highest common factor of a and 16.
16
Let h = 15 + -12. Suppose 3*s - 7*s + k + 87 = 0, h*s - 74 = -k. What is the greatest common factor of 92 and s?
23
Let d(o) = 12*o - 15. Let w be d(8). Suppose 4*t + 0*u = -2*u + 108, 4*t - u = 108. What is the highest common divisor of w and t?
27
Suppose 0 = 40*l + 41*l - 2268. Let o be (4/(-6))/((-8)/36). Suppose 4*z - 168 = o*k - 2*k, -z + 42 = k. Calculate the greatest common factor of l and z.
14
Let i be 2/(-4) - 41/(-2). Suppose -2*n = -3*h - 10, -11*n + 3*h - i = -15*n. What is the greatest common factor of 35 and n?
5
Let h(t) = -66*t - 8. Let f be h(-5). Let z = -146 + f. What is the highest common divisor of z and 16?
16
Suppose 5*x + 27 = 32, 5*l + 5*x - 8025 = 0. Calculate the greatest common factor of l and 4.
4
Let t be (-13)/(-4) + (-4)/16. Suppose l - 12 + t = 0. Let b(g) = -2*g**2 + 20*g + 121. Let c be b(14). Calculate the greatest common divisor of c and l.
9
Suppose -5*d = -124 - 21. Suppose -2*i - 5*z + 3371 = i, 5*i + 2*z = 5612. Suppose 5*j = i + 38. Calculate the highest common divisor of j and d.
29
Let h(o) = 4*o**2 - 2*o + 1. Let x be h(1). Suppose -x*r = -56 - 70. What is the greatest common divisor of r and 105?
21
Let x = 12 - -20. Suppose 7*i - 3*i + x = 0. Let z = i + 30. Calculate the highest common divisor of 33 and z.
11
Suppose 0 = -46*h + 8571 + 7851. Calculate the highest common factor of h and 105.
21
Let v be 18/(-12)*(-4)/3. Suppose 82 = -v*c + 90. What is the greatest common divisor of c and 8?
4
Let f be 17/(-34) + 5/2. Suppose f + 13 = 5*r. Suppose 0 = r*z - 5*z + 40. Calculate the greatest common divisor of 30 and z.
10
Let v = -2805 + 4233. What is the greatest common factor of 24 and v?
12
Suppose -3 = 3*y, r = -r - 4*y + 2. Let d(g) = -2*g + 10*g**2 + 3*g**3 + 3*g**r - 5*g**3. Let q be d(-10). Calculate the greatest common divisor of q and 40.
20
Let t be 13/(-52) + 345/4. Suppose t = 5*w - 34. Calculate the highest common divisor of w and 3.
3
Let n = -12 - -23. Let q = 11 - n. Let d be 7 - (4/2 + q). What is the greatest common divisor of 1 and d?
1
Let f(k) = k**3 - 3*k**2 - 3*k - 1. Let y be f(-2). Let t = y - -48. Calculate the highest common factor of t and 3.
3
Suppose -2*z - 3*k - 2*k = -7, 0 = k + 5. Suppose -27 = 13*u - z*u. What is the greatest common factor of u and 63?
9
Let n = 62 - 42. What is the greatest common divisor of 100 and n?
20
Suppose 66*h = 51*h + 7425. What is the highest common factor of h and 135?
45
Let i(g) = -3*g**2 - 106*g + 75. Let r be i(-33). What is the greatest common divisor of 34 and r?
34
Let o be (8/14)/(48/7224). What is the greatest common factor of 301 and o?
43
Suppose -5*g = -0*q + q - 31, -g + 5 = 0. Let s = -113 - -115. Calculate the greatest common factor of q and s.
2
Let a = -108 + 118. What is the highest common factor of a and 4?
2
Suppose 14 = -5*y + 44. Suppose -5*s - k + y*k - 15 = 0, -k = -4. Let q(l) = 10*l**2 - l + 1. Let t be q(1). What is the highest common divisor of s and t?
1
Let v(r) be the second derivative of -r**5/20 - r**4/6 + 5*r**3/6 + r. Let z be v(-4). Suppose -6*t = -0 - 216. What is the highest common factor of z and t?
12
Suppose a + a + 6 = 0, -2*h = -5*a - 7. Let s be 3 + (-1)/(-5) + h/20. Calculate the highest common factor of 1 and s.
1
Let r = 88 - 49. Let u = r - 29. Calculate the highest common divisor of 10 and u.
10
Let v be (-33)/3 + 31 + -5. Calculate the highest common divisor of 145 and v.
5
Let q be 70*(54/10 - (-9 + 8)). Calculate the greatest common factor of 7 and q.
7
Suppose -305*p - 1560 = -331*p. Calculate the highest common divisor of 24 and p.
12
Let b(s) = -s**3 + 3*s**2 + 3*s - 1. Let v be b(-3). Let h be (3 - 4 - -2)*v. Suppose 4*c - 3*c = 66. Calculate the highest common factor of c and h.
22
Let z = -20 + -5. Let j = z + 41. Suppose 2*m - 5*o - 38 = 0, m + 11 - 45 = -5*o. Calculate the greatest common divisor of m and j.
8
Suppose 178 = 15*y - 13*y. Suppose -8 = 87*f - y*f. Calculate the highest common divisor of 4 and f.
4
Let f = -5 + 7. Let a be (-1)/f + (-44)/(-8). Suppose 8*s - a*s - 54 = 0. What is the highest common divisor of s and 144?
18
Let b(u) = -u**3 - 7*u**2 + u + 12. Let r be b(-7). Suppose n = -v + 31, -4*n = -0*n + r*v - 123. Calculate the highest common divisor of n and 48.
16
Suppose -4*w + 5*v = -19 - 38, -3*v + 62 = 5*w. Let n(x) = -x**2 + 15*x. Let a be n(w). What is the greatest common factor of a and 78?
26
Let j = 300 + -200. What is the highest common divisor of 60 and j?
20
Let q(l) = l**3 + 3*l**2 + 2. Let o be q(-3). Suppose -33 = -o*f + 147. Let n = 39 + -3. What is the greatest common factor of f and n?
18
Suppose -5*w + 4*i - 1 + 13 = 0, -3*w + 2*i + 8 = 0. Suppose -w*u + 119 = -141. Suppose -u = -4*r - 1. Calculate the highest common factor of 80 and r.
16
Suppose -3*y = 5*g + 52, -4*y + 5*y + 20 = -2*g. Let w be -6*4/g - -45. Calculate the greatest common factor of 72 and w.
24
Let x be ((-566)/4)/((-23)/46). Suppose 0 = -d + 5*z + 105, 2*d + x = 5*d + z. Let n be ((-99)/(-55))/(1/d). Calculate the highest common divisor of n and 19.
19
Let k(x) = -24*x + 60. Let t be k(1). What is the greatest common factor of 840 and t?
12
Suppose 3*w = 5*q - 896 - 1859, -3*q = 4*w - 1624. Suppose p + 3*s - 120 = 0, -5*p + 0*p - 2*s + q = 0. What is the highest common divisor of p and 12?
12
Suppose o = -z + 246, -3*o - 33 + 24 = 0. What is the greatest common divisor of 3 and z?
3
Let o be (-45)/(-18)*(0 - -2). Suppose -y = -o*c + 17, -2*y - 3*c - 126 = -27. Let s be (-36)/y - 3/(-21). What is the highest common divisor of 5 and s?
1
Let a(q) = -2*q**2 + 45*q + 26. Let r be a(23). Suppose 3*h = -5*v + 155, 79 = r*v + h - 2*h. Calculate the highest common factor of 7 and v.
7
Let t = -229 - -237. What is the greatest common factor of t and 756?
4
Suppose 4*w + 48 - 1 = 5*l, 0 = -2*l - 4*w + 2. Let z(j) = 14*j + 0 - 2 - j**2 - 7. Let g be z(l). Calculate the greatest common divisor of g and 60.
20
Let g = 14 + 48. Let y = 113 - g. Calculate the greatest common factor of 34 and y.
17
Let y be (1/3)/((-15)/(-1125)). Let o be ((-34)/(-5))/((15/y)/3). Calculate the highest common divisor of o and 51.
17
Suppose 0 = -2*k + 4*v + 1070, -4*v + 1595 = -2*k + 5*k. What is the greatest common divisor of k and 41?
41
Let w(v) = -v**3 + 3*v**2 + v + 3. Let o be w(3). Let b = o + -5. Let t be 3 + (1 - (0 + 1)). Calculate the greatest common factor of t and b.
1
Suppose 8*y = 3*y + 15. Let r be (23/y + -4)*6. Suppose -5*p + 330 = -0*p. Calculate the highest common factor of p and r.
22
Let a = 18 - -2. Let i be (-2)/(-3)*(37 + -31). Calculate the highest common divisor of a and i.
4
Suppose n + 4*f = 38, -3*n = -n + f - 41. Calculate the highest common factor of 342 and n.
18
Let x(g) = -2*g**3 + 14*g**2 + 4*g - 18. Let s be x(7). What is the highest common divisor of 370 and s?
10
Let n(l) = 12*l - 55. Let f be n(6). What is the greatest common divisor of 85 and f?
17
Suppose 16 = 4*c, 5*c - 1578 = -2*i - 0*c. Calculate the greatest common factor of 19 and i.
19
Let w = -58 + 59. Let n be (46/92)/(74/72 - w). Calculate the highest common factor of 45 and n.
9
Suppose 3*i - 47 - 37 = 0. Calculate the greatest common factor of i and 63.
7
Let k be (-54 + -5 + 15)*(-1)/2. Calculate the highest common divisor of 176 and k.
22
Suppose -70*g = -52*g - 1188. What is the highest common factor of g and 165?
33
Let o be (-11)/((-22)/42)*1. Calculate the greatest common divisor of o and 28.
7
Suppose 4*v - 137 = 4*x + 39, -88 = -2*v + 5*x. Let s = -33 + v. Calculate the highest common divisor of s and 77.
11
Let u = -35 - -32. Let w(l) = 6*l**2 - 2*l - 4. Let o be w(u). What is the highest common divisor of 14 and o?
14
Let q be (-2)/(-4) - 25/(-2). Let d = -10 + q. Suppose -j + d = 0, -j = 3*h + 2*j - 63. What is the greatest common divisor of h and 6?
6
Suppose 4*h + 81 = k - 3, 0 = k - 5*h - 89. Calculate the highest common divisor of 12 and k.
4
Let c = 251 - 131. What is the greatest common divisor of 200 and c?
40
Suppose -r - 1 = -27. Let d be 2/13 - (-100)/r. What is the greatest common factor of 10 and d?